
1
Calculate the remainder when 21838 is divided by 7275.
13
What is the remainder when 1328 is divided by 89?
82
What is the remainder when 105 is divided by 46?
13
What is the remainder when 8 is divided by 7?
1
Calculate the remainder when 239 is divided by 76.
11
Calculate the remainder when 143 is divided by 38.
29
What is the remainder when 68 is divided by 36?
32
What is the remainder when 18322 is divided by 9?
7
Calculate the remainder when 308 is divided by 25.
8
What is the remainder when 173 is divided by 36?
29
What is the remainder when 187 is divided by 84?
19
Calculate the remainder when 3010 is divided by 34.
18
What is the remainder when 172 is divided by 67?
38
Calculate the remainder when 3972 is divided by 48.
36
Calculate the remainder when 56 is divided by 16.
8
What is the remainder when 226 is divided by 19?
17
What is the remainder when 99 is divided by 10?
9
Calculate the remainder when 166 is divided by 34.
30
Calculate the remainder when 247 is divided by 25.
22
Calculate the remainder when 492 is divided by 17.
16
Calculate the remainder when 2152 is divided by 5.
2
What is the remainder when 1619 is divided by 15?
14
What is the remainder when 278 is divided by 126?
26
What is the remainder when 384 is divided by 130?
124
What is the remainder when 88 is divided by 72?
16
What is the remainder when 166 is divided by 36?
22
What is the remainder when 3704 is divided by 616?
8
Calculate the remainder when 55 is divided by 23.
9
What is the remainder when 4068 is divided by 177?
174
Calculate the remainder when 439 is divided by 111.
106
What is the remainder when 1150 is divided by 126?
16
Calculate the remainder when 28857 is divided by 60.
57
Calculate the remainder when 1660 is divided by 14.
8
What is the remainder when 4792 is divided by 34?
32
Calculate the remainder when 217 is divided by 19.
8
Calculate the remainder when 5486 is divided by 93.
92
What is the remainder when 3907 is divided by 156?
7
What is the remainder when 71 is divided by 25?
21
Calculate the remainder when 400 is divided by 32.
16
What is the remainder when 4 is divided by 3?
1
Calculate the remainder when 189 is divided by 5.
4
Calculate the remainder when 458 is divided by 213.
32
Calculate the remainder when 319 is divided by 83.
70
Calculate the remainder when 140 is divided by 111.
29
What is the remainder when 106 is divided by 93?
13
What is the remainder when 108 is divided by 36?
0
What is the remainder when 180 is divided by 46?
42
Calculate the remainder when 327 is divided by 275.
52
Calculate the remainder when 353 is divided by 79.
37
What is the remainder when 48 is divided by 7?
6
What is the remainder when 937 is divided by 80?
57
What is the remainder when 2281 is divided by 17?
3
What is the remainder when 51 is divided by 10?
1
What is the remainder when 147 is divided by 33?
15
Calculate the remainder when 637 is divided by 10.
7
Calculate the remainder when 191 is divided by 65.
61
Calculate the remainder when 79 is divided by 26.
1
What is the remainder when 516 is divided by 29?
23
Calculate the remainder when 388 is divided by 8.
4
What is the remainder when 726 is divided by 259?
208
What is the remainder when 985 is divided by 324?
13
Calculate the remainder when 1995 is divided by 100.
95
What is the remainder when 794 is divided by 325?
144
Calculate the remainder when 401 is divided by 67.
66
Calculate the remainder when 4156 is divided by 324.
268
Calculate the remainder when 503 is divided by 123.
11
Calculate the remainder when 185 is divided by 27.
23
What is the remainder when 77 is divided by 5?
2
Calculate the remainder when 191 is divided by 60.
11
What is the remainder when 990 is divided by 142?
138
Calculate the remainder when 622 is divided by 16.
14
Calculate the remainder when 464 is divided by 86.
34
What is the remainder when 232 is divided by 85?
62
What is the remainder when 74 is divided by 59?
15
What is the remainder when 573 is divided by 25?
23
What is the remainder when 1273 is divided by 91?
90
What is the remainder when 553 is divided by 43?
37
What is the remainder when 272 is divided by 12?
8
Calculate the remainder when 111 is divided by 7.
6
Calculate the remainder when 310 is divided by 64.
54
What is the remainder when 11120 is divided by 227?
224
What is the remainder when 56 is divided by 55?
1
What is the remainder when 296 is divided by 27?
26
What is the remainder when 2593 is divided by 173?
171
What is the remainder when 448 is divided by 65?
58
Calculate the remainder when 787 is divided by 33.
28
Calculate the remainder when 52 is divided by 20.
12
What is the remainder when 173 is divided by 14?
5
What is the remainder when 98 is divided by 51?
47
Calculate the remainder when 171 is divided by 8.
3
What is the remainder when 503 is divided by 84?
83
Calculate the remainder when 141 is divided by 18.
15
Calculate the remainder when 15014 is divided by 15.
14
Calculate the remainder when 780 is divided by 389.
2
Calculate the remainder when 10453 is divided by 41.
39
What is the remainder when 461 is divided by 77?
76
What is the remainder when 859 is divided by 17?
9
What is the remainder when 491 is divided by 17?
15
What is the remainder when 99 is divided by 30?
9
What is the remainder when 4212 is divided by 420?
12
Calculate the remainder when 37076 is divided by 17.
16
Calculate the remainder when 3503 is divided by 270.
263
What is the remainder when 323 is divided by 47?
41
What is the remainder when 163 is divided by 48?
19
Calculate the remainder when 296 is divided by 41.
9
What is the remainder when 221 is divided by 74?
73
What is the remainder when 4707 is divided by 30?
27
What is the remainder when 29 is divided by 10?
9
Calculate the remainder when 72 is divided by 14.
2
Calculate the remainder when 318 is divided by 20.
18
Calculate the remainder when 22 is divided by 14.
8
What is the remainder when 196 is divided by 17?
9
What is the remainder when 457 is divided by 171?
115
What is the remainder when 87 is divided by 86?
1
Calculate the remainder when 503 is divided by 27.
17
Calculate the remainder when 395 is divided by 101.
92
What is the remainder when 458 is divided by 88?
18
Calculate the remainder when 31 is divided by 17.
14
Calculate the remainder when 129 is divided by 15.
9
What is the remainder when 800 is divided by 17?
1
What is the remainder when 806 is divided by 267?
5
Calculate the remainder when 1137 is divided by 4.
1
Calculate the remainder when 119 is divided by 26.
15
What is the remainder when 3094 is divided by 44?
14
Calculate the remainder when 82 is divided by 35.
12
What is the remainder when 2834 is divided by 190?
174
Calculate the remainder when 26 is divided by 15.
11
What is the remainder when 541 is divided by 29?
19
Calculate the remainder when 323 is divided by 65.
63
Calculate the remainder when 350 is divided by 27.
26
Calculate the remainder when 106 is divided by 25.
6
What is the remainder when 219 is divided by 49?
23
Calculate the remainder when 144 is divided by 22.
12
What is the remainder when 3312 is divided by 15?
12
Calculate the remainder when 41077 is divided by 316.
313
What is the remainder when 82 is divided by 24?
10
What is the remainder when 1544 is divided by 391?
371
Calculate the remainder when 4000 is divided by 133.
10
Calculate the remainder when 1392 is divided by 140.
132
Calculate the remainder when 17 is divided by 10.
7
Calculate the remainder when 258 is divided by 13.
11
Calculate the remainder when 65 is divided by 16.
1
Calculate the remainder when 437 is divided by 9.
5
What is the remainder when 471 is divided by 165?
141
Calculate the remainder when 1366 is divided by 12.
10
What is the remainder when 1145 is divided by 262?
97
What is the remainder when 398 is divided by 25?
23
Calculate the remainder when 32 is divided by 21.
11
Calculate the remainder when 2569 is divided by 30.
19
What is the remainder when 464 is divided by 37?
20
Calculate the remainder when 204 is divided by 26.
22
Calculate the remainder when 49 is divided by 29.
20
What is the remainder when 23179 is divided by 38?
37
What is the remainder when 114 is divided by 41?
32
Calculate the remaind